289.
71
Calculate the highest common divisor of 3944 and 5104.
232
What is the greatest common factor of 6832 and 12078?
122
Calculate the greatest common divisor of 8120 and 155092.
812
Calculate the greatest common divisor of 361552 and 1298.
118
Calculate the greatest common divisor of 282 and 69278.
94
Calculate the highest common factor of 927470 and 20.
10
What is the greatest common divisor of 4230 and 92120?
470
Calculate the greatest common factor of 480 and 190.
10
Calculate the highest common factor of 16381872 and 108.
108
What is the highest common factor of 151 and 482294?
151
Calculate the highest common divisor of 237 and 5688.
237
What is the greatest common divisor of 3018429 and 9?
9
Calculate the highest common factor of 2800 and 7400.
200
Calculate the greatest common factor of 48 and 199116.
12
Calculate the greatest common divisor of 27412 and 16821.
623
What is the highest common divisor of 108020 and 2596?
44
Calculate the greatest common divisor of 426415 and 385.
55
What is the highest common factor of 1498050 and 400?
50
What is the greatest common factor of 1951512 and 84?
12
What is the greatest common divisor of 19627 and 627?
19
Calculate the highest common factor of 15128 and 3050.
122
What is the highest common divisor of 91379 and 411?
137
What is the highest common factor of 123 and 125952?
123
Calculate the greatest common factor of 53360 and 10480.
80
Calculate the greatest common divisor of 35947 and 3193.
103
What is the highest common factor of 137495 and 2675?
535
What is the greatest common factor of 8643 and 215?
43
Calculate the highest common factor of 448 and 173768.
56
What is the highest common divisor of 684 and 139344?
12
Calculate the highest common factor of 15 and 8115.
15
What is the greatest common divisor of 223034 and 42?
14
What is the highest common divisor of 962 and 27010?
74
Calculate the highest common divisor of 1912 and 984.
8
Calculate the highest common factor of 1425 and 7809.
57
Calculate the highest common divisor of 30345 and 924.
21
Calculate the greatest common divisor of 794 and 7354.
2
What is the greatest common divisor of 4731 and 4482?
249
What is the highest common factor of 10989 and 2849?
407
What is the highest common factor of 8354175 and 435?
435
What is the greatest common divisor of 2602 and 6?
2
What is the greatest common factor of 90 and 10584?
18
Calculate the greatest common factor of 23620 and 640.
20
What is the greatest common divisor of 705923 and 148?
37
Calculate the greatest common factor of 1013628 and 3003.
231
What is the highest common divisor of 723 and 1372013?
241
Calculate the highest common divisor of 37512 and 144.
72
Calculate the greatest common factor of 152 and 93974.
38
What is the highest common factor of 335 and 2545?
5
Calculate the greatest common divisor of 1189764 and 72.
36
Calculate the greatest common factor of 2138370 and 90.
30
Calculate the highest common divisor of 576 and 3880.
8
Calculate the highest common divisor of 75136 and 16.
16
Calculate the greatest common divisor of 453339 and 9.
9
What is the highest common divisor of 12 and 332412?
12
What is the highest common factor of 102 and 85578?
102
Calculate the highest common divisor of 3182 and 13.
1
Calculate the greatest common divisor of 36584 and 306.
34
What is the greatest common factor of 25569 and 160043?
947
What is the greatest common divisor of 89300 and 9212?
188
Calculate the highest common factor of 972634 and 286.
26
Calculate the highest common factor of 36220 and 20.
20
What is the greatest common divisor of 118410 and 480?
30
What is the highest common divisor of 419 and 801547?
419
Calculate the greatest common factor of 5 and 1890870.
5
Calculate the highest common factor of 5440 and 306.
34
Calculate the highest common divisor of 1078 and 38.
2
What is the highest common divisor of 10404353 and 302?
151
Calculate the highest common divisor of 912608 and 456.
152
What is the highest common divisor of 9 and 565371?
9
What is the greatest common divisor of 395900 and 6290?
370
Calculate the highest common factor of 795 and 233465.
265
What is the highest common factor of 90 and 440290?
10
Calculate the highest common divisor of 49308 and 210.
42
What is the greatest common factor of 15 and 834?
3
What is the highest common factor of 326 and 301387?
163
What is the greatest common divisor of 231 and 23243?
11
What is the greatest common divisor of 3416 and 114863?
427
Calculate the highest common factor of 271088 and 512.
16
Calculate the greatest common factor of 11 and 25529592.
11
What is the greatest common factor of 10117 and 66289?
151
Calculate the greatest common factor of 9016 and 111573.
1127
Calculate the greatest common factor of 1 and 85888.
1
Calculate the highest common divisor of 72 and 7396.
4
What is the highest common divisor of 45436 and 1628?
148
What is the highest common factor of 21286 and 31562?
734
Calculate the greatest common divisor of 2139774 and 13.
13
What is the greatest common factor of 323 and 669256?
323
What is the highest common divisor of 56 and 13215832?
56
Calculate the greatest common divisor of 476 and 8738.
34
What is the greatest common divisor of 6391 and 1065471?
913
What is the highest common factor of 282 and 697292?
94
Calculate the greatest common divisor of 3507 and 84.
21
Calculate the greatest common divisor of 108185 and 350.
35
Calculate the highest common factor of 1180 and 58705.
295
Calculate the greatest common divisor of 2346 and 7314.
138
What is the highest common divisor of 4251 and 545?
109
What is the highest common divisor of 4897 and 1328?
83
What is the greatest common factor of 75 and 397575?
75
What is the highest common divisor of 92496 and 96?
48
What is the greatest common divisor of 755807 and 141?
47
What is the greatest common factor of 592520 and 360?
40
What is the highest common divisor of 2681 and 63?
7
What is the highest common factor of 78 and 384?
6
What is the highest common divisor of 6 and 125739?
3
What is the highest common factor of 450 and 2148210?
90
Calculate the highest common factor of 7272 and 841128.
2424
What is the highest common factor of 759967 and 689?
689
What is the greatest common factor of 110258 and 899?
29
Calculate the greatest common factor of 120363 and 2067.
159
What is the greatest common factor of 38 and 5959654?
38
What is the highest common factor of 95 and 385054?
19
Calculate the greatest common divisor of 1554 and 2775.
111
Calculate the highest common divisor of 156100 and 35.
35
Calculate the highest common divisor of 394 and 1773.
197
Calculate the highest common factor of 22 and 95909.
11
Calculate the highest common factor of 3537 and 1674.
27
Calculate the greatest common factor of 32390 and 1975.
395
Calculate the greatest common factor of 264 and 71247.
33
Calculate the greatest common divisor of 42 and 1610714.
14
Calculate the highest common divisor of 2940 and 212400.
60
Calculate the highest common factor of 6696 and 131112.
216
Calculate the greatest common divisor of 102 and 289136.
34
What is the highest common divisor of 340002 and 3744?
234
What is the greatest common divisor of 5728 and 10720?
32
Calculate the highest common factor of 77 and 597740.
11
What is the greatest common divisor of 88090 and 230?
230
Calculate the greatest common divisor of 18990 and 160.
10
What is the highest common factor of 222091 and 19?
19
What is the highest common factor of 118 and 10207?
59
Calculate the highest common factor of 378 and 321489.
189
What is the highest common factor of 4832 and 736?
32
What is the greatest common divisor of 6204 and 132?
132
What is the greatest common divisor of 3058772 and 334?
334
What is the greatest common divisor of 1209084 and 1140?
228
Calculate the highest common divisor of 434147 and 569.
569
Calculate the highest common divisor of 1655 and 162521.
331
Calculate the highest common divisor of 48535 and 2125.
85
Calculate the greatest common divisor of 10 and 1341890.
10
What is the highest common factor of 2829 and 3075?
123
What is the greatest common divisor of 6966 and 731?
43
What is the greatest common divisor of 156 and 354?
6
What is the highest common factor of 12 and 1128